 1507941 and 11790.
1179
Calculate the greatest common factor of 3074 and 87.
29
Calculate the greatest common divisor of 290 and 850.
10
Calculate the greatest common factor of 9911 and 5049.
187
Calculate the greatest common divisor of 300 and 165.
15
Calculate the highest common divisor of 80 and 197392.
16
Calculate the highest common factor of 328 and 116276.
164
Calculate the highest common factor of 600834 and 598.
26
What is the greatest common divisor of 1344 and 5184?
192
Calculate the highest common factor of 108 and 155836.
4
What is the greatest common factor of 371 and 942499?
53
What is the highest common factor of 28323 and 189?
27
Calculate the greatest common divisor of 24 and 3630072.
24
Calculate the highest common factor of 29990 and 10.
10
What is the greatest common factor of 199070 and 68?
34
What is the greatest common divisor of 1830 and 981978?
366
Calculate the highest common divisor of 598 and 1357.
23
What is the greatest common factor of 3290 and 56870?
470
What is the greatest common divisor of 1026 and 46278?
54
Calculate the highest common divisor of 40 and 366340.
20
Calculate the greatest common factor of 46992 and 102.
6
Calculate the highest common divisor of 1748 and 6346.
38
What is the highest common divisor of 8576 and 804?
268
What is the greatest common divisor of 242128 and 1184?
592
Calculate the greatest common divisor of 60255 and 780.
195
Calculate the highest common factor of 32710 and 30.
10
Calculate the highest common divisor of 121445 and 535.
535
What is the greatest common divisor of 6776 and 617584?
968
Calculate the greatest common divisor of 49178 and 4.
2
What is the highest common factor of 80 and 6380?
20
Calculate the greatest common divisor of 64062 and 252.
18
What is the highest common divisor of 6931 and 1195?
239
What is the greatest common divisor of 25 and 303775?
25
Calculate the greatest common factor of 224853 and 1205.
241
What is the highest common factor of 87733 and 1652?
59
What is the highest common divisor of 9784 and 152?
8
What is the highest common factor of 3 and 758939?
1
What is the greatest common factor of 75 and 33555?
15
What is the greatest common divisor of 16 and 1547576?
8
Calculate the highest common factor of 80821 and 429.
13
What is the highest common factor of 176548 and 152?
76
What is the greatest common factor of 104 and 3001804?
52
Calculate the greatest common divisor of 889 and 159639.
127
Calculate the highest common divisor of 106 and 415202.
106
What is the highest common factor of 14467 and 351463?
851
What is the greatest common divisor of 12183 and 3162?
93
What is the highest common factor of 37356 and 187?
11
What is the highest common divisor of 558 and 22792626?
558
What is the highest common divisor of 137812 and 524?
524
What is the highest common divisor of 30390 and 1470?
30
What is the greatest common factor of 980 and 11270?
490
What is the greatest common divisor of 612 and 29988?
612
What is the greatest common factor of 238 and 4828?
34
What is the greatest common factor of 1369632 and 1188?
132
What is the greatest common factor of 85 and 195?
5
Calculate the greatest common divisor of 25671 and 903.
129
Calculate the highest common divisor of 72668 and 3700.
148
Calculate the greatest common divisor of 132 and 2750.
22
Calculate the greatest common factor of 39 and 2500004.
13
What is the highest common divisor of 79388 and 1513?
89
What is the highest common factor of 435 and 348?
87
What is the greatest common factor of 9 and 6853131?
9
Calculate the highest common divisor of 248 and 10093352.
248
What is the greatest common divisor of 760 and 88996?
76
Calculate the highest common divisor of 1443 and 3880227.
1443
What is the highest common factor of 65 and 42055?
65
What is the greatest common divisor of 20837 and 268?
67
Calculate the greatest common divisor of 385 and 7910.
35
Calculate the highest common factor of 572 and 14828.
44
Calculate the highest common factor of 355 and 59569.
71
Calculate the highest common factor of 835295 and 1054.
527
What is the greatest common factor of 3795624 and 714?
714
Calculate the greatest common divisor of 7424791 and 11.
11
What is the highest common divisor of 5168 and 2278?
34
What is the highest common divisor of 120 and 1161168?
24
What is the greatest common factor of 404289 and 22446?
261
What is the highest common divisor of 5230 and 250?
10
Calculate the greatest common factor of 1843 and 13289.
97
What is the highest common factor of 568434 and 898?
898
What is the highest common divisor of 242 and 968242?
242
What is the greatest common factor of 3856 and 2672?
16
Calculate the highest common divisor of 13 and 1054001.
13
What is the highest common factor of 176617 and 391?
23
Calculate the greatest common factor of 618 and 628815.
309
What is the greatest common divisor of 11727 and 81?
9
Calculate the greatest common divisor of 508 and 38735.
127
What is the greatest common divisor of 24771 and 3949?
359
What is the greatest common factor of 625 and 25225?
25
Calculate the highest common divisor of 1167915 and 255.
15
Calculate the greatest common divisor of 397254 and 78.
78
What is the greatest common divisor of 206080 and 3910?
230
Calculate the greatest common divisor of 117 and 409383.
117
Calculate the highest common divisor of 47190 and 39.
39
What is the greatest common divisor of 5930 and 170?
10
Calculate the greatest common divisor of 594 and 1672.
22
Calculate the greatest common factor of 201342 and 48.
6
What is the highest common factor of 105 and 33?
3
What is the highest common divisor of 63224 and 588?
28
Calculate the greatest common divisor of 232 and 292088.
232
What is the greatest common divisor of 306 and 747?
9
What is the highest common factor of 114731 and 155?
31
Calculate the greatest common factor of 540464 and 85.
17
What is the greatest common factor of 65512 and 152?
152
What is the greatest common divisor of 25102 and 924?
154
What is the highest common factor of 5736 and 6552?
24
What is the greatest common factor of 194534 and 115?
23
What is the highest common divisor of 1300 and 23600?
100
What is the greatest common divisor of 20661 and 679?
97
What is the highest common factor of 62 and 4094945?
31
Calculate the greatest common divisor of 8596 and 21.
7
Calculate the highest common factor of 30 and 2941815.
15
What is the greatest common divisor of 180 and 1189350?
90
Calculate the highest common divisor of 196 and 18522.
98
Calculate the greatest common divisor of 2 and 67646.
2
What is the greatest common factor of 7953 and 5973?
33
What is the highest common divisor of 32703 and 22?
11
What is the greatest common divisor of 188 and 5186262?
94
Calculate the highest common factor of 6030 and 6930.
90
What is the greatest common divisor of 1108480 and 4?
4
What is the greatest common divisor of 72105 and 73095?
165
What is the greatest common divisor of 3 and 139989?
3
Calculate the highest common divisor of 10031 and 196.
7
Calculate the greatest common divisor of 9653 and 112.
7
Calculate the highest common factor of 12 and 182604.
12
What is the greatest common factor of 338925 and 10?
5
Calculate the greatest common factor of 966733 and 431.
431
What is the greatest common factor of 686 and 43330?
14
Calculate the greatest common factor of 2384 and 1284.
4
Calculate the highest common factor of 3104 and 16096.
32
Calculate the greatest common factor of 96 and 487648.
32
What is the greatest common factor of 4187 and 7685?
53
Calculate the highest common divisor of 290934 and 84.
42
Calculate the highest common factor of 3003 and 8463.
273
Calculate the highest common divisor of 37 and 32671.
37
What is the highest common divisor of 62 and 251534?
62
What is the greatest common factor of 2223 and 9386?
247
Calculate the highest common factor of 3350731 and 926.
463
What is the highest common factor of 8034848 and 96?
32
Calculate the highest common factor of 10582 and 1776.
74
What is the highest common divisor of 5488 and 3773?
343
What is the highest common divisor of 21357 and 86219?
791
What is the greatest common factor of 1344 and 1029?
21
What is the greatest common factor of 2623 and 109779?
43
What is the